{"id":21,"date":"2019-01-14T04:29:06","date_gmt":"2019-01-14T04:29:06","guid":{"rendered":"http:\/\/thotenpac2.hospedagemdesites.ws\/novo\/?page_id=21"},"modified":"2019-01-31T04:02:10","modified_gmt":"2019-01-31T04:02:10","slug":"a-empresa","status":"publish","type":"page","link":"https:\/\/www.thotenpac.com.br\/?page_id=21","title":{"rendered":"A Empresa"},"content":{"rendered":"\n<ul class=\"wp-block-gallery aligncenter columns-2 is-cropped wp-block-gallery-1 is-layout-flex wp-block-gallery-is-layout-flex\"><li class=\"blocks-gallery-item\"><figure><img decoding=\"async\" loading=\"lazy\" width=\"600\" height=\"330\" src=\"http:\/\/www.thotenpac.com.br\/novo\/wp-content\/uploads\/2019\/01\/aempresa1.jpg\" alt=\"\" data-id=\"258\" data-link=\"http:\/\/www.thotenpac.com.br\/novo\/a-empresa\/aempresa1\/\" class=\"wp-image-258\" srcset=\"https:\/\/www.thotenpac.com.br\/wp-content\/uploads\/2019\/01\/aempresa1.jpg 600w, https:\/\/www.thotenpac.com.br\/wp-content\/uploads\/2019\/01\/aempresa1-300x165.jpg 300w\" sizes=\"(max-width: 600px) 100vw, 600px\" \/><\/figure><\/li><li class=\"blocks-gallery-item\"><figure><img decoding=\"async\" loading=\"lazy\" width=\"600\" height=\"330\" src=\"http:\/\/www.thotenpac.com.br\/novo\/wp-content\/uploads\/2019\/01\/aempresa-2.jpg\" alt=\"\" data-id=\"259\" data-link=\"http:\/\/www.thotenpac.com.br\/novo\/a-empresa\/aempresa-3\/\" class=\"wp-image-259\" srcset=\"https:\/\/www.thotenpac.com.br\/wp-content\/uploads\/2019\/01\/aempresa-2.jpg 600w, https:\/\/www.thotenpac.com.br\/wp-content\/uploads\/2019\/01\/aempresa-2-300x165.jpg 300w\" sizes=\"(max-width: 600px) 100vw, 600px\" \/><\/figure><\/li><\/ul>\n\n\n\n<p>A Thoten Pac Ind. Com. Imp. e Exp. Ltda., iniciou suas atividades em 27 de Junho de 2001. Seus fundadores s\u00e3o: Warthon Pardo e Celito Corso.<br>L\u00edder no mercado na fabrica\u00e7\u00e3o e fornecimento de garraf\u00f5es 10 e 20 litros, bem como em diferentes embalagens que variam de tamanho (5 litros a 100 ml) e cor.<\/p>\n\n\n\n<p>Os frascos atendem os ramos cosm\u00e9ticos, farmac\u00eauticos, aliment\u00edcios, higiene e limpeza. Nossos recipientes t\u00eam como base a mat\u00e9ria-prima polipropileno e polietileno, variando conforme a necessidade do cliente.<\/p>\n\n\n\n<div class=\"wp-block-image\"><figure class=\"alignright is-resized\"><img decoding=\"async\" loading=\"lazy\" src=\"http:\/\/www.thotenpac.com.br\/novo\/wp-content\/uploads\/2019\/01\/aempresa3-2.jpg\" alt=\"\" class=\"wp-image-123\" width=\"312\" height=\"172\" srcset=\"https:\/\/www.thotenpac.com.br\/wp-content\/uploads\/2019\/01\/aempresa3-2.jpg 600w, https:\/\/www.thotenpac.com.br\/wp-content\/uploads\/2019\/01\/aempresa3-2-300x165.jpg 300w\" sizes=\"(max-width: 312px) 100vw, 312px\" \/><figcaption>Tecnologia e inova\u00e7\u00e3o<\/figcaption><\/figure><\/div>\n\n\n\n<p>A Thoten Pac Ind. Com. Imp. e Exp. Ltda., utiliza os processos de sopro por extrus\u00e3o, sopro de pr\u00e9-forma (PET) e inje\u00e7\u00e3o. Temos como objetivo atender a necessidade de cada cliente de forma \u00fanica e contribuir, com isso, para o seu crescimento e desempenho no mercado. N\u00e3o ficamos satisfeitos apenas em transformar as ideias de nossos clientes em realidade. Com dedica\u00e7\u00e3o ordenada e parceria constante, estamos ampliando cada vez mais nossa participa\u00e7\u00e3o no mercado, que vai al\u00e9m do simples fato de \u201cproduzir frascos\u201d.<\/p>\n\n\n\n<h3 class=\"wp-block-heading\">MISS\u00c3O<\/h3>\n\n\n\n<p>Trabalhar incansavelmente pela Qualidade dos processos e produtos;<br>Construir v\u00ednculos duradouros com nossos clientes;<br>Fornecer com excel\u00eancia, as melhores solu\u00e7\u00f5es.<\/p>\n\n\n\n<h3 class=\"wp-block-heading\">VIS\u00c3O<\/h3>\n\n\n\n<p>Consolidar-se no mercado regional, como referencial em Qualidade e Efici\u00eancia no fornecimento de embalagens pl\u00e1sticas.<\/p>\n\n\n\n<h3 class=\"wp-block-heading\">VALORES<\/h3>\n\n\n\n<p><strong>INOVA\u00c7\u00c3O<\/strong><br>Buscar, imaginar, criar, divertir: esse \u00e9 o caminho para a inova\u00e7\u00e3o. Desejamos buscar o inesperado, estimular um ambiente onde vale a pena correr os riscos de inovar e de compartilhar ideias.<br><strong>LIDERAN\u00c7A<\/strong><br>Como l\u00edderes, precisamos ter a coragem de construir um futuro melhor, meta que ser\u00e1 alcan\u00e7ada fazendo a diferen\u00e7a como empresa, com decis\u00f5es e inspira\u00e7\u00e3o certas e influenciando aqueles com quem nos relacionamos.<br><strong>RESPONSABILIDADE<\/strong><br>Devemos ter voca\u00e7\u00e3o para agir e honrar nossos compromissos.<br><strong>INTEGRIDADE<\/strong><br>Ser \u00edntegro significa ser verdadeiro: dizer o que pensamos fazer o que dizemos e agir corretamente.<br><strong>QUALIDADE<\/strong><br>Consideramos que n\u00e3o h\u00e1 limites para atingir a excel\u00eancia nas nossas atividades. Devemos deixar tudo sempre melhor do que estava e estabelecer os mais altos padr\u00f5es para os nossos produtos, nosso pessoal e nosso desempenho.<\/p>\n","protected":false},"excerpt":{"rendered":"<p>A Thoten Pac Ind. Com. Imp. e Exp. Ltda., iniciou suas atividades em 27 de Junho de 2001. Seus fundadores s\u00e3o: Warthon Pardo e Celito Corso.L\u00edder no mercado na fabrica\u00e7\u00e3o e fornecimento de garraf\u00f5es 10 e 20 litros, bem como<\/p>\n","protected":false},"author":1,"featured_media":261,"parent":0,"menu_order":0,"comment_status":"closed","ping_status":"closed","template":"","meta":{"footnotes":"","_joinchat":[]},"_links":{"self":[{"href":"https:\/\/www.thotenpac.com.br\/index.php?rest_route=\/wp\/v2\/pages\/21"}],"collection":[{"href":"https:\/\/www.thotenpac.com.br\/index.php?rest_route=\/wp\/v2\/pages"}],"about":[{"href":"https:\/\/www.thotenpac.com.br\/index.php?rest_route=\/wp\/v2\/types\/page"}],"author":[{"embeddable":true,"href":"https:\/\/www.thotenpac.com.br\/index.php?rest_route=\/wp\/v2\/users\/1"}],"replies":[{"embeddable":true,"href":"https:\/\/www.thotenpac.com.br\/index.php?rest_route=%2Fwp%2Fv2%2Fcomments&post=21"}],"version-history":[{"count":9,"href":"https:\/\/www.thotenpac.com.br\/index.php?rest_route=\/wp\/v2\/pages\/21\/revisions"}],"predecessor-version":[{"id":263,"href":"https:\/\/www.thotenpac.com.br\/index.php?rest_route=\/wp\/v2\/pages\/21\/revisions\/263"}],"wp:featuredmedia":[{"embeddable":true,"href":"https:\/\/www.thotenpac.com.br\/index.php?rest_route=\/wp\/v2\/media\/261"}],"wp:attachment":[{"href":"https:\/\/www.thotenpac.com.br\/index.php?rest_route=%2Fwp%2Fv2%2Fmedia&parent=21"}],"curies":[{"name":"wp","href":"https:\/\/api.w.org\/{rel}","templated":true}]}}